{"id":2209,"date":"2024-08-22T17:43:50","date_gmt":"2024-08-22T15:43:50","guid":{"rendered":"https:\/\/annapietryka.pl\/?page_id=2209"},"modified":"2024-08-22T19:49:44","modified_gmt":"2024-08-22T17:49:44","slug":"landing-page","status":"publish","type":"page","link":"https:\/\/annapietryka.pl\/?page_id=2209","title":{"rendered":"Landing page"},"content":{"rendered":"\t\t<div data-elementor-type=\"wp-page\" data-elementor-id=\"2209\" class=\"elementor elementor-2209\" data-elementor-post-type=\"page\">\n\t\t\t\t<div class=\"elementor-element elementor-element-8b8d3d9 e-flex e-con-boxed e-con e-parent\" data-id=\"8b8d3d9\" data-element_type=\"container\" data-settings=\"{&quot;background_background&quot;:&quot;classic&quot;}\">\n\t\t\t\t\t<div class=\"e-con-inner\">\n\t\t<div class=\"elementor-element elementor-element-3031b75 e-flex e-con-boxed e-con e-child\" data-id=\"3031b75\" data-element_type=\"container\">\n\t\t\t\t\t<div class=\"e-con-inner\">\n\t\t\t\t<div class=\"elementor-element elementor-element-d101ca7 elementor-widget elementor-widget-heading\" data-id=\"d101ca7\" data-element_type=\"widget\" data-widget_type=\"heading.default\">\n\t\t\t\t<div class=\"elementor-widget-container\">\n\t\t\t\t\t<h2 class=\"elementor-heading-title elementor-size-default\">Zbuduj\u0119 dla Ciebie skuteczny Landing Page, kt\u00f3ry konwertuje twoich odwiedzaj\u0105cych \n<\/h2>\t\t\t\t<\/div>\n\t\t\t\t<\/div>\n\t\t\t\t\t<\/div>\n\t\t\t\t<\/div>\n\t\t\t\t\t<\/div>\n\t\t\t\t<\/div>\n\t\t<div class=\"elementor-element elementor-element-e3d0d05 e-flex e-con-boxed e-con e-parent\" data-id=\"e3d0d05\" data-element_type=\"container\">\n\t\t\t\t\t<div class=\"e-con-inner\">\n\t\t\t\t<div class=\"elementor-element elementor-element-31fb5f9 elementor-widget elementor-widget-heading\" data-id=\"31fb5f9\" data-element_type=\"widget\" data-widget_type=\"heading.default\">\n\t\t\t\t<div class=\"elementor-widget-container\">\n\t\t\t\t\t<h2 class=\"elementor-heading-title elementor-size-default\">Masz zaledwie kilka sekund, aby przyci\u0105gn\u0105\u0107 uwag\u0119 odwiedzaj\u0105cych. Wykorzystaj je maksymalnie z profesjonalnym landing page'em.<\/h2>\t\t\t\t<\/div>\n\t\t\t\t<\/div>\n\t\t\t\t<div class=\"elementor-element elementor-element-9b320bd elementor-widget elementor-widget-text-editor\" data-id=\"9b320bd\" data-element_type=\"widget\" data-widget_type=\"text-editor.default\">\n\t\t\t\t<div class=\"elementor-widget-container\">\n\t\t\t\t\t\t\t\t\t<p><strong>Czy Tw\u00f3j biznes potrzebuje pot\u0119\u017cnego narz\u0119dzia, kt\u00f3re dzia\u0142a 24\/7?<\/strong><br>Profesjonalny landing page to klucz do sukcesu Twojej kampanii marketingowej. Niezale\u017cnie od tego, czy chcesz zwi\u0119kszy\u0107 sprzeda\u017c, zebra\u0107 zapisy na newsletter, czy promowa\u0107 wydarzenie, odpowiednio zaprojektowana strona l\u0105dowania mo\u017ce zadecydowa\u0107 o skuteczno\u015bci Twojej strategii.<\/p>\t\t\t\t\t\t\t\t<\/div>\n\t\t\t\t<\/div>\n\t\t\t\t\t<\/div>\n\t\t\t\t<\/div>\n\t\t<div class=\"elementor-element elementor-element-94e7830 e-con-full e-flex e-con e-parent\" data-id=\"94e7830\" data-element_type=\"container\" data-settings=\"{&quot;background_background&quot;:&quot;classic&quot;}\">\n\t\t<div class=\"elementor-element elementor-element-10a5b7d e-con-full e-flex e-con e-child\" data-id=\"10a5b7d\" data-element_type=\"container\">\n\t\t\t\t<div class=\"elementor-element elementor-element-f62561e elementor-widget elementor-widget-heading\" data-id=\"f62561e\" data-element_type=\"widget\" data-widget_type=\"heading.default\">\n\t\t\t\t<div class=\"elementor-widget-container\">\n\t\t\t\t\t<h2 class=\"elementor-heading-title elementor-size-default\">Co mog\u0119 dla Ciebie zrobi\u0107?\n<\/h2>\t\t\t\t<\/div>\n\t\t\t\t<\/div>\n\t\t\t\t<\/div>\n\t\t<div class=\"elementor-element elementor-element-e46616d e-con-full e-flex e-con e-child\" data-id=\"e46616d\" data-element_type=\"container\">\n\t\t<div class=\"elementor-element elementor-element-cc84869 e-flex e-con-boxed e-con e-child\" data-id=\"cc84869\" data-element_type=\"container\">\n\t\t\t\t\t<div class=\"e-con-inner\">\n\t\t\t\t<div class=\"elementor-element elementor-element-5d68fa6 elementor-widget elementor-widget-text-editor\" data-id=\"5d68fa6\" data-element_type=\"widget\" data-widget_type=\"text-editor.default\">\n\t\t\t\t<div class=\"elementor-widget-container\">\n\t\t\t\t\t\t\t\t\t<h4><strong>Krok 1: Wnikliwa analiza i doradztwo<\/strong><\/h4><p>Zanim zaczniemy projektowa\u0107, dok\u0142adnie przeanalizuj\u0119 Twoje potrzeby i cele. Zastanowimy si\u0119 wsp\u00f3lnie, jaki przekaz najlepiej trafi do Twojej grupy docelowej, a tak\u017ce jakie elementy powinny znale\u017a\u0107 si\u0119 na stronie, aby maksymalnie zwi\u0119kszy\u0107 konwersj\u0119. Otrzymasz konkretne rekomendacje, kt\u00f3re sprawi\u0105, \u017ce Tw\u00f3j landing page b\u0119dzie nie tylko pi\u0119kny, ale przede wszystkim skuteczny.<\/p>\t\t\t\t\t\t\t\t<\/div>\n\t\t\t\t<\/div>\n\t\t\t\t\t<\/div>\n\t\t\t\t<\/div>\n\t\t\t\t<div class=\"elementor-element elementor-element-8fec8ba elementor-view-default elementor-widget elementor-widget-icon\" data-id=\"8fec8ba\" data-element_type=\"widget\" data-widget_type=\"icon.default\">\n\t\t\t\t<div class=\"elementor-widget-container\">\n\t\t\t\t\t\t\t<div class=\"elementor-icon-wrapper\">\n\t\t\t<div class=\"elementor-icon\">\n\t\t\t<svg aria-hidden=\"true\" class=\"e-font-icon-svg e-fas-arrow-down\" viewBox=\"0 0 448 512\" xmlns=\"http:\/\/www.w3.org\/2000\/svg\"><path d=\"M413.1 222.5l22.2 22.2c9.4 9.4 9.4 24.6 0 33.9L241 473c-9.4 9.4-24.6 9.4-33.9 0L12.7 278.6c-9.4-9.4-9.4-24.6 0-33.9l22.2-22.2c9.5-9.5 25-9.3 34.3.4L184 343.4V56c0-13.3 10.7-24 24-24h32c13.3 0 24 10.7 24 24v287.4l114.8-120.5c9.3-9.8 24.8-10 34.3-.4z\"><\/path><\/svg>\t\t\t<\/div>\n\t\t<\/div>\n\t\t\t\t\t\t<\/div>\n\t\t\t\t<\/div>\n\t\t<div class=\"elementor-element elementor-element-931947c e-flex e-con-boxed e-con e-child\" data-id=\"931947c\" data-element_type=\"container\">\n\t\t\t\t\t<div class=\"e-con-inner\">\n\t\t\t\t<div class=\"elementor-element elementor-element-9400fe6 elementor-widget elementor-widget-text-editor\" data-id=\"9400fe6\" data-element_type=\"widget\" data-widget_type=\"text-editor.default\">\n\t\t\t\t<div class=\"elementor-widget-container\">\n\t\t\t\t\t\t\t\t\t<h4><strong>Krok 2: Tworzenie anga\u017cuj\u0105cej tre\u015bci<\/strong><\/h4><p>Bez skutecznej komunikacji, nawet naj\u0142adniejszy landing page nie przyniesie rezultat\u00f3w. Tworz\u0119 teksty, kt\u00f3re przyci\u0105gaj\u0105 uwag\u0119, buduj\u0105 zaufanie i zach\u0119caj\u0105 do dzia\u0142ania. Od nag\u0142\u00f3wk\u00f3w po wezwania do akcji \u2013 ka\u017cde s\u0142owo ma znaczenie. Dbam o to, by przekaz by\u0142 jasny, zrozumia\u0142y i sk\u0142ania\u0142 do podj\u0119cia decyzji. Oczywi\u015bcie mo\u017cesz dostarczy\u0107 ju\u017c gotowe tre\u015bci.\u00a0<\/p>\t\t\t\t\t\t\t\t<\/div>\n\t\t\t\t<\/div>\n\t\t\t\t\t<\/div>\n\t\t\t\t<\/div>\n\t\t\t\t<div class=\"elementor-element elementor-element-6a206ab elementor-view-default elementor-widget elementor-widget-icon\" data-id=\"6a206ab\" data-element_type=\"widget\" data-widget_type=\"icon.default\">\n\t\t\t\t<div class=\"elementor-widget-container\">\n\t\t\t\t\t\t\t<div class=\"elementor-icon-wrapper\">\n\t\t\t<div class=\"elementor-icon\">\n\t\t\t<svg aria-hidden=\"true\" class=\"e-font-icon-svg e-fas-arrow-down\" viewBox=\"0 0 448 512\" xmlns=\"http:\/\/www.w3.org\/2000\/svg\"><path d=\"M413.1 222.5l22.2 22.2c9.4 9.4 9.4 24.6 0 33.9L241 473c-9.4 9.4-24.6 9.4-33.9 0L12.7 278.6c-9.4-9.4-9.4-24.6 0-33.9l22.2-22.2c9.5-9.5 25-9.3 34.3.4L184 343.4V56c0-13.3 10.7-24 24-24h32c13.3 0 24 10.7 24 24v287.4l114.8-120.5c9.3-9.8 24.8-10 34.3-.4z\"><\/path><\/svg>\t\t\t<\/div>\n\t\t<\/div>\n\t\t\t\t\t\t<\/div>\n\t\t\t\t<\/div>\n\t\t<div class=\"elementor-element elementor-element-f10e01d e-flex e-con-boxed e-con e-child\" data-id=\"f10e01d\" data-element_type=\"container\">\n\t\t\t\t\t<div class=\"e-con-inner\">\n\t\t\t\t<div class=\"elementor-element elementor-element-f6f6619 elementor-widget elementor-widget-text-editor\" data-id=\"f6f6619\" data-element_type=\"widget\" data-widget_type=\"text-editor.default\">\n\t\t\t\t<div class=\"elementor-widget-container\">\n\t\t\t\t\t\t\t\t\t<h4><strong>Krok 3: Profesjonalny design i optymalizacja<\/strong><\/h4><p>\u0141adny design i optymalizacja Projektuj\u0119 landingi, kt\u00f3re nie tylko wygl\u0105daj\u0105 \u015bwietnie, ale te\u017c s\u0105 zoptymalizowane pod k\u0105tem UX. Wszystko po to, aby ka\u017cdy odwiedzaj\u0105cy m\u00f3g\u0142 \u0142atwo znale\u017a\u0107 to, czego szuka i podj\u0105\u0107 decyzj\u0119. Decyzj\u0119 jakiej oczekujesz ;).\u00a0<\/p>\t\t\t\t\t\t\t\t<\/div>\n\t\t\t\t<\/div>\n\t\t\t\t\t<\/div>\n\t\t\t\t<\/div>\n\t\t\t\t<div class=\"elementor-element elementor-element-f59181d elementor-widget elementor-widget-text-editor\" data-id=\"f59181d\" data-element_type=\"widget\" data-widget_type=\"text-editor.default\">\n\t\t\t\t<div class=\"elementor-widget-container\">\n\t\t\t\t\t\t\t\t\t<p><strong>INWESTYCJA: od 400 z\u0142\u00a0<\/strong><\/p>\t\t\t\t\t\t\t\t<\/div>\n\t\t\t\t<\/div>\n\t\t\t\t<\/div>\n\t\t\t\t<\/div>\n\t\t<div class=\"elementor-element elementor-element-05d403b e-flex e-con-boxed e-con e-parent\" data-id=\"05d403b\" data-element_type=\"container\">\n\t\t\t\t\t<div class=\"e-con-inner\">\n\t\t<div class=\"elementor-element elementor-element-a0ca807 e-con-full e-flex e-con e-child\" data-id=\"a0ca807\" data-element_type=\"container\">\n\t\t\t\t<div class=\"elementor-element elementor-element-157bc1a elementor-widget elementor-widget-image\" data-id=\"157bc1a\" data-element_type=\"widget\" data-widget_type=\"image.default\">\n\t\t\t\t<div class=\"elementor-widget-container\">\n\t\t\t\t\t\t\t\t\t\t\t\t\t\t\t<img fetchpriority=\"high\" decoding=\"async\" width=\"522\" height=\"2560\" src=\"https:\/\/annapietryka.pl\/wp-content\/uploads\/2024\/08\/FireShot-Capture-003-Postaw-na-newsletter-Safi-Vision-Skuteczna-promocja-biznesu-w-socia_-safivision.pl_-scaled.png\" class=\"attachment-full size-full wp-image-2233\" alt=\"\" srcset=\"https:\/\/annapietryka.pl\/wp-content\/uploads\/2024\/08\/FireShot-Capture-003-Postaw-na-newsletter-Safi-Vision-Skuteczna-promocja-biznesu-w-socia_-safivision.pl_-scaled.png 522w, https:\/\/annapietryka.pl\/wp-content\/uploads\/2024\/08\/FireShot-Capture-003-Postaw-na-newsletter-Safi-Vision-Skuteczna-promocja-biznesu-w-socia_-safivision.pl_-61x300.png 61w, https:\/\/annapietryka.pl\/wp-content\/uploads\/2024\/08\/FireShot-Capture-003-Postaw-na-newsletter-Safi-Vision-Skuteczna-promocja-biznesu-w-socia_-safivision.pl_-209x1024.png 209w, https:\/\/annapietryka.pl\/wp-content\/uploads\/2024\/08\/FireShot-Capture-003-Postaw-na-newsletter-Safi-Vision-Skuteczna-promocja-biznesu-w-socia_-safivision.pl_-313x1536.png 313w\" sizes=\"(max-width: 522px) 100vw, 522px\" \/>\t\t\t\t\t\t\t\t\t\t\t\t\t\t\t<\/div>\n\t\t\t\t<\/div>\n\t\t\t\t<\/div>\n\t\t<div class=\"elementor-element elementor-element-cb41054 e-con-full e-flex e-con e-child\" data-id=\"cb41054\" data-element_type=\"container\">\n\t\t\t\t<div class=\"elementor-element elementor-element-70a35c8 elementor-widget elementor-widget-image\" data-id=\"70a35c8\" data-element_type=\"widget\" data-widget_type=\"image.default\">\n\t\t\t\t<div class=\"elementor-widget-container\">\n\t\t\t\t\t\t\t\t\t\t\t\t\t\t\t<img decoding=\"async\" width=\"2679\" height=\"32171\" src=\"https:\/\/annapietryka.pl\/wp-content\/uploads\/2024\/08\/FireShot-Capture-005-Subskrypcja-Content-Lady-content-lady.pl_.png\" class=\"attachment-full size-full wp-image-2237\" alt=\"\" \/>\t\t\t\t\t\t\t\t\t\t\t\t\t\t\t<\/div>\n\t\t\t\t<\/div>\n\t\t\t\t<\/div>\n\t\t<div class=\"elementor-element elementor-element-f2fa5dc e-con-full e-flex e-con e-child\" data-id=\"f2fa5dc\" data-element_type=\"container\">\n\t\t\t\t<div class=\"elementor-element elementor-element-a475b56 elementor-widget elementor-widget-image\" data-id=\"a475b56\" data-element_type=\"widget\" data-widget_type=\"image.default\">\n\t\t\t\t<div class=\"elementor-widget-container\">\n\t\t\t\t\t\t\t\t\t\t\t\t\t\t\t<img decoding=\"async\" width=\"420\" height=\"1024\" src=\"https:\/\/annapietryka.pl\/wp-content\/uploads\/2024\/08\/FireShot-Capture-007-Newsletter-\u2013-Pro-Beauty-Business-probeautybusiness.pl_-420x1024.png\" class=\"attachment-large size-large wp-image-2238\" alt=\"\" srcset=\"https:\/\/annapietryka.pl\/wp-content\/uploads\/2024\/08\/FireShot-Capture-007-Newsletter-\u2013-Pro-Beauty-Business-probeautybusiness.pl_-420x1024.png 420w, https:\/\/annapietryka.pl\/wp-content\/uploads\/2024\/08\/FireShot-Capture-007-Newsletter-\u2013-Pro-Beauty-Business-probeautybusiness.pl_-600x1463.png 600w, https:\/\/annapietryka.pl\/wp-content\/uploads\/2024\/08\/FireShot-Capture-007-Newsletter-\u2013-Pro-Beauty-Business-probeautybusiness.pl_-123x300.png 123w, https:\/\/annapietryka.pl\/wp-content\/uploads\/2024\/08\/FireShot-Capture-007-Newsletter-\u2013-Pro-Beauty-Business-probeautybusiness.pl_-768x1873.png 768w, https:\/\/annapietryka.pl\/wp-content\/uploads\/2024\/08\/FireShot-Capture-007-Newsletter-\u2013-Pro-Beauty-Business-probeautybusiness.pl_-630x1536.png 630w, https:\/\/annapietryka.pl\/wp-content\/uploads\/2024\/08\/FireShot-Capture-007-Newsletter-\u2013-Pro-Beauty-Business-probeautybusiness.pl_-840x2048.png 840w, https:\/\/annapietryka.pl\/wp-content\/uploads\/2024\/08\/FireShot-Capture-007-Newsletter-\u2013-Pro-Beauty-Business-probeautybusiness.pl_-scaled.png 1050w\" sizes=\"(max-width: 420px) 100vw, 420px\" \/>\t\t\t\t\t\t\t\t\t\t\t\t\t\t\t<\/div>\n\t\t\t\t<\/div>\n\t\t\t\t<\/div>\n\t\t\t\t\t<\/div>\n\t\t\t\t<\/div>\n\t\t\t\t<\/div>\n\t\t","protected":false},"excerpt":{"rendered":"<p>Zbuduj\u0119 dla Ciebie skuteczny Landing Page, kt\u00f3ry konwertuje twoich odwiedzaj\u0105cych Masz zaledwie kilka sekund, aby przyci\u0105gn\u0105\u0107 uwag\u0119 odwiedzaj\u0105cych. Wykorzystaj je maksymalnie z profesjonalnym landing page&#8217;em. Czy Tw\u00f3j biznes potrzebuje pot\u0119\u017cnego narz\u0119dzia, kt\u00f3re dzia\u0142a 24\/7?Profesjonalny landing page to klucz do sukcesu Twojej kampanii marketingowej. Niezale\u017cnie od tego, czy chcesz zwi\u0119kszy\u0107 sprzeda\u017c, zebra\u0107 zapisy na newsletter, czy&#8230;<\/p>\n","protected":false},"author":1,"featured_media":0,"parent":0,"menu_order":0,"comment_status":"closed","ping_status":"closed","template":"","meta":{"_kad_post_transparent":"","_kad_post_title":"hide","_kad_post_layout":"fullwidth","_kad_post_sidebar_id":"","_kad_post_content_style":"unboxed","_kad_post_vertical_padding":"hide","_kad_post_feature":"hide","_kad_post_feature_position":"","_kad_post_header":false,"_kad_post_footer":false,"footnotes":""},"class_list":["post-2209","page","type-page","status-publish","hentry"],"rttpg_featured_image_url":null,"rttpg_author":{"display_name":"Anna Pietryka","author_link":"https:\/\/annapietryka.pl\/?author=1"},"rttpg_comment":0,"rttpg_category":null,"rttpg_excerpt":"Zbuduj\u0119 dla Ciebie skuteczny Landing Page, kt\u00f3ry konwertuje twoich odwiedzaj\u0105cych Masz zaledwie kilka sekund, aby przyci\u0105gn\u0105\u0107 uwag\u0119 odwiedzaj\u0105cych. Wykorzystaj je maksymalnie z profesjonalnym landing page&#8217;em. Czy Tw\u00f3j biznes potrzebuje pot\u0119\u017cnego narz\u0119dzia, kt\u00f3re dzia\u0142a 24\/7?Profesjonalny landing page to klucz do sukcesu Twojej kampanii marketingowej. Niezale\u017cnie od tego, czy chcesz zwi\u0119kszy\u0107 sprzeda\u017c, zebra\u0107 zapisy na newsletter, czy...","_links":{"self":[{"href":"https:\/\/annapietryka.pl\/index.php?rest_route=\/wp\/v2\/pages\/2209","targetHints":{"allow":["GET"]}}],"collection":[{"href":"https:\/\/annapietryka.pl\/index.php?rest_route=\/wp\/v2\/pages"}],"about":[{"href":"https:\/\/annapietryka.pl\/index.php?rest_route=\/wp\/v2\/types\/page"}],"author":[{"embeddable":true,"href":"https:\/\/annapietryka.pl\/index.php?rest_route=\/wp\/v2\/users\/1"}],"replies":[{"embeddable":true,"href":"https:\/\/annapietryka.pl\/index.php?rest_route=%2Fwp%2Fv2%2Fcomments&post=2209"}],"version-history":[{"count":58,"href":"https:\/\/annapietryka.pl\/index.php?rest_route=\/wp\/v2\/pages\/2209\/revisions"}],"predecessor-version":[{"id":2279,"href":"https:\/\/annapietryka.pl\/index.php?rest_route=\/wp\/v2\/pages\/2209\/revisions\/2279"}],"wp:attachment":[{"href":"https:\/\/annapietryka.pl\/index.php?rest_route=%2Fwp%2Fv2%2Fmedia&parent=2209"}],"curies":[{"name":"wp","href":"https:\/\/api.w.org\/{rel}","templated":true}]}}